 Suppose -11 = -4*b + t - 1, -6 = 2*b + w*t. Let q(g) = 5 + 6*g - g**2 + 3*g**2 + 3*g**2 - 4*g**b. Give q(-6).
5
Suppose n + 7 = 3. Let m(a) = 2*a**2 + 7*a + 4. Determine m(n).
8
Let a be (7/(-2) + -2)*4. Let c = a + 8. Let n = c + 9. Let t(z) = -z**3 - 4*z**2 + 5*z - 4. What is t(n)?
-4
Let d(x) = x**2 - x + 1. Let y(g) = -6*g**2 - 3*g - 10. Let z(s) = -5*d(s) - y(s). Let b(n) = -n**2 + 14*n - 45. Let a be b(10). Determine z(a).
-10
Let m(r) = -r**3 + 3*r**2 - 5. Suppose -w + z + 7 = 0, -3*w = w + 4*z - 4. Determine m(w).
-21
Let u be (-14)/70 + (-52)/(-10). Let v(c) = c**2 - 7*c + 4. Give v(u).
-6
Let w(s) = s**2 - s + 1. Let f(a) = 5*a + 1. Let l(t) = -t + 10. Let j be l(6). Let b be f(j). Let o be (-7)/2*(-12)/b. Determine w(o).
3
Let t(m) = -m**3 - m**2 - 2. Let r be (-2)/4*(-1 + -1). Suppose -r + 21 = 4*q. Suppose 0 = -3*y - b + 5, -q*b + 5 + 20 = -3*y. Determine t(y).
-2
Let z(h) be the first derivative of -h**2 - h - 10. What is z(-3)?
5
Let r(c) = -9*c + 21. Let t(j) = -13*j + 31. Let u(i) = 7*r(i) - 5*t(i). Give u(6).
4
Let h(q) = 3*q. Let y(f) = 2*f. Suppose 4*c + 4 = -12. Let p(x) = c*y(x) + 3*h(x). Give p(5).
5
Suppose 3*i + 5 - 20 = 3*h, -2*h - 10 = -4*i. Let g be (-10)/8*(i + 4). Let s(f) = f + 6. Determine s(g).
1
Let r(l) = -11*l - 2. Let o(k) = 7*k + 1. Let p(w) = 8*o(w) + 5*r(w). Let m = 5 - 5. What is p(m)?
-2
Let c = 9 - 15. Let n(v) = v + 5. Give n(c).
-1
Let z(h) = h**2 + h - 1. Let x(v) = 2*v**2 + 11*v - 7. Let y(c) = -x(c) + 3*z(c). Give y(7).
-3
Let t(i) = -i + 0*i - 2 + 0*i. Let c(p) = -2*p. Let y be c(-3). Determine t(y).
-8
Suppose 0 = 3*h - z - 1, h - 3*h + 2*z + 6 = 0. Let o(u) = -8*u - 7. Let d(s) = 4*s + 4. Let c(k) = -7*d(k) - 4*o(k). Give c(h).
-4
Let b(s) = -s**3 + s**2 + s + 8. Let k be (-1 - (1 + -1))*-5. Suppose -5*u - 2*i = -10, -4*u = u - i + k. Determine b(u).
8
Let a(v) = -v + 1. Let x(z) = -3*z - 2. Let m(o) = -2*a(o) + x(o). Let i(q) = -q + 15. Let t be i(12). Suppose 3*p + t = 5*u, 0 = u - p + 2 - 1. Give m(u).
-7
Let r(x) be the third derivative of 0*x + 1/60*x**5 + 0 + 1/2*x**3 - 6*x**2 + 7/24*x**4. Give r(-6).
-3
Let p = 6 - 3. Let k(u) = -u**3 + 2*u**2 + 3*u - 2. Give k(p).
-2
Let q(w) = 2*w - 1. Let c(i) = 2*i - 1. Let m = 18 - 12. Let u(x) = m*c(x) - 5*q(x). What is u(-3)?
-7
Let o(d) = -4*d - d**2 - 3*d - 1 + 4*d + 0. Suppose 2*z - 2 = -0. Suppose -z - 5 = 2*r. Determine o(r).
-1
Let b(o) be the second derivative of -o**5/20 + o**4/6 + o**3/3 + o**2/2 + 2*o. Suppose -2*z + 23 = 19. Calculate b(z).
5
Let c(m) = -5*m**3 + 5*m**2 - 6*m + 3. Let o(t) = -6*t**3 + 6*t**2 - 7*t + 3. Let s(l) = 7*c(l) - 6*o(l). Calculate s(0).
3
Let y(o) = -o**3 + 6*o**2 - 4*o. Let s be y(5). Suppose 2*x - 10 = 3*m - 5, 4*x - 11 = s*m. Let p be -2*(-15)/(-24)*x. Let l(j) = j**2 + 8*j + 5. Give l(p).
-10
Let j(n) = -2*n - 4. Suppose 16 + 4 = 4*a. Let s(w) = -3*w + 10. Let r be s(a). Give j(r).
6
Let h(f) be the first derivative of 0*f + 1/2*f**2 + 1/3*f**3 + 1. Let q(d) = -5*d**2 - 4*d + 2. Let w(k) = -2*h(k) - q(k). Determine w(-2).
6
Suppose -5*l + 4*o = 24, -5*o = 2*l + 2*l + 11. Let j be l/(-12) + (-22)/(-6). Let c(b) = 2 - 3*b - 5 - 3*b**2 + 4*b**2. Determine c(j).
1
Let c(p) be the third derivative of p**5/60 + 5*p**4/24 + p**3 + 3*p**2. Let z be (6/2 - 1) + -7. What is c(z)?
6
Let s(l) = 2*l - 7. Let i = 22 - 16. Let x(t) = -t - 1. Let v(d) = i*x(d) - s(d). Give v(1).
-7
Let y(c) = 5*c**2 + 10*c + 2. Let g(i) = 11*i**2 + 26*i + 6. Let x(a) = 4*a**2 + 9*a + 2. Let m(t) = 2*g(t) - 7*x(t). Let f(k) = -6*m(k) - 7*y(k). What is f(4)?
-2
Let m(x) be the first derivative of -1 - 2*x**3 + 1/4*x**4 - 4*x + 2*x**2. Suppose 6*o + 5*s - 25 = o, 3*o - 3*s = 15. Calculate m(o).
-9
Let a(p) = p + 1. Suppose 2*t - 4 - 4 = 0. Suppose s = t*s. Let o be 28/(-21)*(3 + s). Determine a(o).
-3
Let z(n) = 2*n - 4. Let t(r) = r**2 - 8*r + 5. Let a(l) = -2*l. Let u be a(-4). Let w be t(u). What is z(w)?
6
Suppose -n + 3 = 3*r, n - 2*n = 2*r - 1. Let p(y) = 1 + 1 - 3*y**r + y**3 - 3. Calculate p(3).
-1
Let j(v) = v + 3. Suppose 3*s - 4*s = 5*g - 11, -3*g = -9. Determine j(s).
-1
Let h(u) be the second derivative of u**5/20 + u**4/4 - u**3 - u**2/2 - 5*u. Give h(-4).
7
Let k(d) = d**2 + d + 4. Let i = 4 + -7. What is k(i)?
10
Let v(y) = -y**3 + 7*y**2 - 6*y - 7. Let m(h) = h**2 - h - 15. Let a be m(5). Give v(a).
13
Let x be -10*2/(-8)*4. Let c = x - 12. Let b(q) = -2*q + 2. Determine b(c).
6
Suppose -4*g = 4, 3*r = 3*g - 8*g - 20. Let h(c) = -c**2 + 7. Give h(r).
-18
Let v = 5 + -8. Let d(w) = 4*w. Let b(s) = -5*s + 1. Let x(u) = v*d(u) - 2*b(u). Let o(m) = m. Let f be o(-3). Calculate x(f).
4
Let b(y) be the third derivative of 1/6*y**3 - 4*y**2 - 1/24*y**4 + 0*y + 0 - 1/30*y**5. Give b(2).
-9
Let v(x) = -x**2 + x + 3. Let f be v(0). Suppose 5*n - 10 = f*n. Let b = 3 - n. Let a(h) = h. Give a(b).
-2
Suppose -4*s = 0, -2*j - j + 4*s = 6. Let a be 3*j + -1 - -3. Let b(u) = -u**3 - 3*u**2 + 6*u + 3. What is b(a)?
-5
Let q(l) = l**3 + 2*l**2 + 3*l + 2. Suppose 2*n - 3*h = 9, n = -n + 4*h + 8. Let d(t) = t - 4. Let y be d(n). Let w be 3*(y + (-24)/9). Determine q(w).
-4
Suppose 6*t - t = 0. Suppose -3*k + 2*k - 2 = t. Let w(h) = h**3 + 3*h**2 - 1. What is w(k)?
3
Let n(s) = s - 2. Let k = 48 + -51. Calculate n(k).
-5
Let g(y) = 5*y**3 + 4*y**2 + 6*y + 1. Let s(o) = 0*o - 5*o**3 - o**2 - 7*o - 1 - 4*o**2. Let r(v) = 6*g(v) + 5*s(v). What is r(-1)?
-6
Let v(c) = -c**3 - 4*c**2 - 2*c + 1. Let q(x) = -x - 1. Let m(u) = -2*u - 6. Let n(t) = m(t) - 3*q(t). Let p be n(0). What is v(p)?
-2
Let p(o) = o**3 - 6*o**2 - o + 8. Let z be p(6). Let n(h) = -4 - z*h - h + 2 - 1. Let s be n(-3). Let f(u) = -u**3 + 7*u**2 - 8*u + 8. Give f(s).
-4
Let p(h) = -2*h**2 - 40 + 40 - h. What is p(-2)?
-6
Let a(x) = -13*x**3 + x. Let z be 27/18 - (-1)/(-2). Calculate a(z).
-12
Let w(a) be the second derivative of a**4/12 - 7*a**3/6 + 2*a**2 - 2*a. What is w(5)?
-6
Let c(o) = -o**2 - 2*o + 4. Let k be 1*12/8*-2. Give c(k).
1
Let j(p) = p**3 + 4*p**2 - 2*p + 3. Let v be j(-4). Suppose 0 = -3*u + v + 1. Let b(w) = w**3 - 3*w**2 - 4*w - 1. What is b(u)?
-1
Let z(a) be the third derivative of -a**4/24 + 7*a**3/6 + 24*a**2. What is z(3)?
4
Let x(q) = q**3 + 4*q**2 - 4*q + 5. Let y be x(-5). Let s(k) = -k + 4. Let u be s(y). Let r(j) = 2 + 4 - 4*j - 2*j + 3*j. Give r(u).
-6
Let j(r) be the first derivative of -r**4/4 - 8*r**3/3 + 5*r**2 + 2*r - 13. Calculate j(-9).
-7
Suppose 4*g = 16 - 4. Suppose 1 = -5*f + 6. Let m(o) = 0*o**2 + o**2 + 2*o - 4*o - f. Calculate m(g).
2
Suppose -10 = -4*t + 2*t, 11 = -3*r + 4*t. Let o = 4 - r. Suppose 0 = 4*i + p + o, 3*i + 3*p + 7 + 5 = 0. Let s(f) = -4*f**2. What is s(i)?
-4
Suppose 3*q + 11 = -4. Let b(h) be the second derivative of -h**5/60 - 7*h**4/24 - h**3/3 + h**2 - h. Let z(t) be the first derivative of b(t). Determine z(q).
8
Let k(d) = -d**2 - d. Let t be (18/4 + -1)*-2. Let r = 4 + t. Calculate k(r).
-6
Let f be 2*3/6*9. Let o be (-3)/((f/(-4))/(-3)). Let k(l) = -2*l**2 - 5 + l**2 + 2*l**2 + 3*l. What is k(o)?
-1
Let j(q) = -q**3 + 5*q**2 + 5*q - 8. Let y(f) = -6*f - 6. Let u be y(-2). Calculate j(u).
-14
Let u(y) = y**3 + 3*y. Let r(p) be the first derivative of -5*p**4/4 - 6*p**2 + p + 1. Let n(j) = -2*r(j) - 9*u(j). Let q = 46 - 48. Determine n(q).
-4
Let l(o) be the first derivative of o**2/2 - 6*o - 17. Calculate l(3).
-3
Let k(l) be the second derivative of -l**3/3 + l**2/2 + 6*l. Give k(1).
-1
Suppose -n = -4 - 1. Let c(j) be the third derivative of -j**5/60 + 5*j**4/24 + j**3/6 - 2*j**2. What is c(n)?
1
Let k(r) = 5*r + 1. Let t be k(-1). Let v be (2 - 1)/((-1)/t). Let u(h) = -h**2 - 5*h + 4. Let w(g) = g**2. Let j(b) = u(b) + 2*w(b). Calculate j(v).
0
Let j(s) be the second derivative of s**6/120 + s**5/15 - s**4/12 + 2*s**3/3 + s**2 + s. Let v(o) be the first derivative of j(o). Determine v(-5).
-11
Let c = -25 + 19. Let p(y) = -y**2 - 7*y - 1. Calculate p(c).
5
Let f = -13 + 20. Let b(u) = -u + 12. Give b(f).
5
Let y(d) be the second derivative of 0 + d**2 + 1/6*d**3 - d. Suppose 5*z + 10 = -x - 13, -z - 5*x = -5. What is y(z)?
-3
Let r(z) = z**2 + 2*z + 5. Let x(b) be the first derivative of -b**3/3 - 3*b**2/2 - 6*b - 2. Let v(q) = -3*r(q) - 2*x(q). Let p = -3 + 3. Determine v(p).
-3
Let t(j) = -j + 12. Let d be